5. Let a = -23 - t. What are the prime factors of a?
2, 13
Suppose -4*a + 0*a + 352 = 0. Suppose 15*i - 12*i = -147. Let z = i + a. List the prime factors of z.
3, 13
Let s be 66/(-3 - 9/(-2)). Suppose -31 = -g + s. List the prime factors of g.
3, 5
Suppose -s = -46 + 44. Suppose 2*j = -4*i + 170, -4*j + 79 = s*i + 3. List the prime factors of i.
2, 11
Let k(m) be the first derivative of -m**3/3 + 15*m**2/2 + 13*m + 1. What are the prime factors of k(10)?
3, 7
Let c(z) = -z**2 + 7*z - 9. Let h be c(7). Let l = h - -112. List the prime factors of l.
103
Suppose r = 7*r - 696. Let s = -112 - -280. Let i = s - r. What are the prime factors of i?
2, 13
Let h(c) = -16*c**2 + 49*c - 15. Let n(x) = -3*x**2 + 10*x - 3. Let g(o) = -2*h(o) + 11*n(o). What are the prime factors of g(5)?
2
Let z = 2211 + -319. What are the prime factors of z?
2, 11, 43
Let j be 48/(-60)*(-10)/(-4). Let v(c) = -2*c**3 - 4*c - 3. Let f be v(j). Suppose 0 = 4*d - 20, -4*k + f = d - 0*d. What are the prime factors of k?
2
Suppose -21*h = -22*h + 81. What are the prime factors of (-758)/(-9) + (-18)/h?
2, 3, 7
Let a(l) = 69*l + 132. Let c(t) = 23*t + 44. Let m(u) = -3*a(u) + 8*c(u). What are the prime factors of m(-9)?
163
Let m = -308 - -436. Let y = m + -16. List the prime factors of y.
2, 7
List the prime factors of 2/(-16) - 3/48*-71458.
2, 7, 11, 29
List the prime factors of -5*8/16*1646/(-5).
823
Let q = 8850 - 5843. What are the prime factors of q?
31, 97
Suppose 3*n - 615 + 165 = -3*t, 2*n + 6 = 0. Let g = -103 + t. What are the prime factors of g?
2, 5
List the prime factors of 96/28 + -3 - 1370/(-70).
2, 5
Let z = 476 - -183. List the prime factors of z.
659
Let q = -86 - -176. Let v = q + -65. What are the prime factors of v?
5
Let n(b) = 20*b - 3. Let j be n(2). Suppose 0 = j*y - 32*y - 155. List the prime factors of y.
31
Let o = 2 + -11. What are the prime factors of ((-3)/2 - o/(-6)) + 53?
2, 5
Let f(d) = 30*d**2 + d + 1. Let u be f(-1). Let w = -208 - -211. Suppose 312 = 4*j - v + u, -3*j - w*v + 219 = 0. What are the prime factors of j?
71
Suppose 0 = 2*u + 4*i - 48, 0*u - i = 3*u - 67. Suppose 0 = 2*a - u - 32. Let x = a - -3. What are the prime factors of x?
2, 3, 5
Let m be ((-828)/(-1 - 3))/(-1). List the prime factors of (0 + m/6)*-4.
2, 3, 23
Let o(p) = -6*p - 2. Let d be o(1). Let t = d - -12. Suppose 3*g - t*y - 118 = 0, -2*y + 90 = 4*g - 82. What are the prime factors of g?
2, 3, 7
List the prime factors of 2/(-28) + 1011770/644.
1571
Suppose 0 = 51*z - 126693 - 41301. What are the prime factors of z?
2, 3, 61
Let p(r) = 10*r - 36. Let z be p(15). List the prime factors of (-10)/15*z*6/(-4).
2, 3, 19
Let v(a) = -12*a - 9. Let y(m) = -m**2 + 9*m + 6. Let g be (12/(-36))/((-1)/30). Let x be y(g). List the prime factors of v(x).
3, 13
Suppose m - 141 = -34. Suppose -m*l = -102*l - 370. What are the prime factors of l?
2, 37
Let d = 15 + -11. Suppose 2*b - 3*s + 11 - 309 = 0, d*b - 616 = -4*s. List the prime factors of (b/16)/(1/2).
19
Suppose 2*n - 104 = n. Suppose -n = -3*a - a. Suppose -5*k + a = 1. List the prime factors of k.
5
Suppose 5*v - h - 27 = 0, -2*h + 15 = 5*v + 3*h. Suppose v*s - 254 = 166. List the prime factors of s.
2, 3, 7
Suppose -6*h = -10*h - 12. Let w(y) = -y + 5. What are the prime factors of w(h)?
2
Suppose 9*h - 13*h + 3832 = 5*x, 0 = 4*x - h - 3074. What are the prime factors of x?
2, 3
Suppose 0 = 2*l - 7 + 1. Suppose -2*j - 42 = -6*j + d, -l*d - 56 = -5*j. Suppose 0*u = -u + j. List the prime factors of u.
2, 5
Let v(c) = -c. Let d = 8 + -7. Let f(l) = -9*l - 18. Let z(h) = d*f(h) - 4*v(h). What are the prime factors of z(-8)?
2, 11
Let m(l) = l**3 - 8*l**2 + 9*l - 4. Let u be m(8). Let w = u - 13. What are the prime factors of w?
5, 11
Suppose -4*x + 1 = 5*t, -7*t + 2*t = -3*x - 8. What are the prime factors of (t/(-1) + 2)*2*40?
2, 5
Let s(y) = -y**3 - 45*y**2 - 148*y - 94. What are the prime factors of s(-43)?
2, 643
Let f(m) = 7*m**3 - m**2 + 7*m - 3. List the prime factors of f(7).
2, 11, 109
Let g be (0 + -1)/(8/(-528)). List the prime factors of g - (30/(-18) + 4/6).
67
Suppose 3*v + 5 = 4*v. Let b be 2/(-5) - (-802)/v. Suppose -3*l = 2*l - b. List the prime factors of l.
2
List the prime factors of (-4)/(20/155)*-13.
13, 31
Suppose -6 = -7*y - 6. Suppose y = -7*s + 317 + 411. What are the prime factors of s?
2, 13
Suppose 0 = 13*u + 84 - 305. Let l be (3 - -3)/3 + 56. Let c = u + l. List the prime factors of c.
3, 5
Let x(v) = 245*v**2 + 3*v - 17. List the prime factors of x(-2).
3, 11, 29
Let j be (1 - 51)/(-3 - -1). Suppose -g + 4*x - 2*x + 10 = 0, g + 5*x + j = 0. Suppose 0 = -5*a - g*a + 180. What are the prime factors of a?
2, 3
Let x = -8 + 16. Suppose -x*o + 4*o = -48. Suppose -p + 46 = o. List the prime factors of p.
2, 17
Let k be (8/10)/((-1)/(-5)). Suppose -2*f - 8 = -k*f. What are the prime factors of f?
2
Let g(c) = c**2 - 2*c + 2. Let q be g(0). Suppose q*h + 7*r - 2*r = 167, -5*h + 365 = -5*r. What are the prime factors of h?
2, 19
Suppose 0 = 4*i - 61 + 41. Suppose i*q + 160 = 4*f, 2*f - 86 = -q + 5*q. List the prime factors of f.
5, 7
Let d = 260 + -161. Suppose 3*u - 3*m = -0*m + d, 0 = -2*m + 6. List the prime factors of u.
2, 3
Let x(l) be the second derivative of -l**3/3 + 11*l**2 - 28*l. What are the prime factors of x(5)?
2, 3
List the prime factors of (-3632)/(-14) + (536/56 - 9).
2, 5, 13
Let k(y) = -5*y**3 + 4*y**2 + y - 1. Let b(f) = 4*f**3 - 3*f**2 + 2. Let c(x) = 3*b(x) + 2*k(x). Let l be c(3). Let w = l + -32. List the prime factors of w.
23
Let b = -281 - -478. List the prime factors of b.
197
Let g be (27/18)/(1/(-2)). Let w be (76*g/(-6))/1. Suppose -4*d = -2*d - w. List the prime factors of d.
19
Suppose 207 = 5*d + a, 0 = -5*d + 2*a + 3*a + 195. Suppose d = 3*x + 23. What are the prime factors of (1 - x)*(-132)/10?
2, 3, 11
Suppose -3*j - f + 2481 = 0, 20*j + 3321 = 24*j - 3*f. What are the prime factors of j?
2, 3, 23
Let b(z) = -7 + 4 + 2 + 3*z - 1. Let q be b(2). What are the prime factors of 2 + (4 - 3)*q?
2, 3
Suppose 2*a - i = 3724, -4*a - 2*i + 7106 + 350 = 0. What are the prime factors of a?
3, 23
Let g(q) = 2*q**2 - q - 26. Let k be g(17). Suppose -158 = -7*y + k. List the prime factors of y.
3, 11
Suppose 0*z = -46*z + 83996. List the prime factors of z.
2, 11, 83
Suppose 10*k - 51259 = -3919. List the prime factors of k.
2, 3, 263
Let x(z) = 9*z - z + 19 + 10*z. Let s be x(-6). Let c = -60 - s. List the prime factors of c.
29
Let d be (7 - 4) + 0 + 921. Suppose 9*i = 3*i + d. List the prime factors of i.
2, 7, 11
Let m be (-10)/15 + 77/3. Suppose -5*n - 4*d = -7*d - m, -n = -2*d - 5. Suppose 23 = n*s - 37. List the prime factors of s.
2, 3
Let n(x) = x**3 - 5*x**2 - 14*x + 10. Let k be n(9). Suppose 6*u = 2*u + k. Suppose f + u = 3*f. What are the prime factors of f?
2, 13
Let w = -72 - -101. Suppose -4*v + 4*n + 27 + w = 0, 3*n = 6. Suppose -4*l = -0 - v. What are the prime factors of l?
2
Let k(w) = 3*w - 9. Suppose 0 = -4*p - 6 + 42. List the prime factors of k(p).
2, 3
Let f = 1733 + -818. What are the prime factors of f?
3, 5, 61
Let c = -28 - -23. Let b(h) = -4*h**2 - 4*h + 8 + 10*h - h**3 + h**2. List the prime factors of b(c).
2, 7
Let p = -3559 + 7304. What are the prime factors of p?
5, 7, 107
What are the prime factors of ((-14)/(-4))/(((-28)/(-7))/40)?
5, 7
Let y = -112 + 312. What are the prime factors of y?
2, 5
Let w(i) = 3*i**3 - 18*i**2 - 42*i + 75. What are the prime factors of w(14)?
3, 11, 127
Suppose 0 = 5*f - 279 - 276. Let i = -28 + f. What are the prime factors of i?
83
Let p be -15*(0 + 448/20). Let h = -36 - p. List the prime factors of h.
2, 3, 5
Let l(d) = 15*d**2 - 13*d - 47. What are the prime factors of l(-5)?
3, 131
Let b(h) = 15*h + 7. Let i = -27 + 30. List the prime factors of b(i).
2, 13
List the prime factors of 140 - 1 - (26 - 25).
2, 3, 23
Let h(l) = 13*l**2 - 3*l - 24. What are the prime factors of h(-6)?
2, 3, 7, 11
Suppose 15 = 5*p - 20. Let j be 3 + -3 + 1 - -1. Let r = j + p. What are the prime factors of r?
3
Suppose -67*p + 24138 = -40*p. List the prime factors of p.
2, 3, 149
Suppose 0*u - u = 1. Let t(q) = -2*q**2 - q - 1. Let j be t(u). List the prime factors of (198/(-12))/(1/j).
3, 11
Let b = -6 - -15. Suppose h = b + 